{"id":12379,"date":"2026-04-08T10:58:04","date_gmt":"2026-04-08T10:58:04","guid":{"rendered":"https:\/\/pharma-ti.ch\/product\/klaris-aufhellende-anti-pigmentflecken-tagescreme\/"},"modified":"2026-04-08T10:58:04","modified_gmt":"2026-04-08T10:58:04","slug":"klaris-aufhellende-anti-pigmentflecken-tagescreme","status":"publish","type":"product","link":"https:\/\/pharma-ti.ch\/de\/product\/klaris-aufhellende-anti-pigmentflecken-tagescreme\/","title":{"rendered":"Klaris Aufhellende Anti-Pigmentflecken Tagescreme"},"content":{"rendered":"<p>Die aufhellende Anti-Pigmentflecken Tagescreme ist eine ideale t\u00e4gliche Pflege, um die Haut zu sch\u00fctzen, zu hydratisieren und zu vereinheitlichen.<\/p>\n<p>Dank ihrer an Wirkstoffen reichen Formel hilft sie, Pigmentflecken zu reduzieren und das Erscheinungsbild des Teints zu verbessern. Sie wirkt, indem sie die Zellerneuerung f\u00f6rdert und der Haut ein strahlenderes und ebenm\u00e4\u00dfigeres Aussehen verleiht. <\/p>\n<p>Sie enth\u00e4lt UVA\/UVB-Filter, um die Haut vor Sonneneinwirkung zu sch\u00fctzen und die nat\u00fcrliche Feuchtigkeit \u00fcber den Tag hinweg zu bewahren.<\/p>\n<p>Angereichert mit Niacinamid, Salicyls\u00e4ure und Alpha-Arbutin, verbessert sie die Hauttextur ohne zu irritieren und hinterl\u00e4sst sie weich, gesch\u00fctzt und strahlend.<\/p>\n<p>Vorteile der aufhellenden Anti-Pigmentflecken Tagescreme:<br \/>\n&#8211; Reduziert Flecken und Pigmentst\u00f6rungen<br \/>\n&#8211; Sch\u00fctzt vor UV-Strahlen<br \/>\n&#8211; Hydratisiert und n\u00e4hrt die Haut<br \/>\n&#8211; Vereinheitlicht den Teint<br \/>\n&#8211; Verbessert die Leuchtkraft<\/p>\n<p>Anwendung:<br \/>\nJeden Morgen auf die gereinigte und trockene Haut auftragen. Bis zum vollst\u00e4ndigen Einziehen einmassieren. <\/p>\n","protected":false},"excerpt":{"rendered":"<p>Die aufhellende Anti-Pigmentflecken Tagescreme ist eine ideale t\u00e4gliche Pflege, um die Haut zu sch\u00fctzen, zu hydratisieren und zu vereinheitlichen. Dank ihrer an Wirkstoffen reichen Formel hilft sie, Pigmentflecken zu reduzieren und das Erscheinungsbild des Teints zu verbessern. Sie wirkt, indem sie die Zellerneuerung f\u00f6rdert und der Haut ein strahlenderes und ebenm\u00e4\u00dfigeres Aussehen verleiht. Sie enth\u00e4lt [&hellip;]<\/p>\n","protected":false},"featured_media":12380,"comment_status":"closed","ping_status":"closed","template":"","meta":{"_acf_changed":false},"product_brand":[],"product_cat":[378,369,436],"product_tag":[],"class_list":["post-12379","product","type-product","status-publish","has-post-thumbnail","product_cat-gesichtspflege","product_cat-schonheit-und-korperpflege","product_cat-luxury-line-gesicht","wcpa_has_options","first","instock","shipping-taxable","purchasable","product-type-simple"],"acf":[],"yoast_head":"<!-- This site is optimized with the Yoast SEO plugin v27.3 - https:\/\/yoast.com\/product\/yoast-seo-wordpress\/ -->\n<title>Klaris Aufhellende Anti-Pigmentflecken Tagescreme - Pharma Ti<\/title>\n<meta name=\"description\" content=\"Aufhellende Tagescreme mit Niacinamid und UV-Filtern. Reduziert Flecken, sch\u00fctzt vor der Sonne und verleiht t\u00e4glich einen ebenm\u00e4\u00dfigeren, strahlenden und hydratisierten Teint.\" \/>\n<meta name=\"robots\" content=\"index, follow, max-snippet:-1, max-image-preview:large, max-video-preview:-1\" \/>\n<link rel=\"canonical\" href=\"https:\/\/pharma-ti.ch\/de\/product\/klaris-aufhellende-anti-pigmentflecken-tagescreme\/\" \/>\n<meta property=\"og:locale\" content=\"de_DE\" \/>\n<meta property=\"og:type\" content=\"article\" \/>\n<meta property=\"og:title\" content=\"Klaris Aufhellende Anti-Pigmentflecken Tagescreme - Pharma Ti\" \/>\n<meta property=\"og:description\" content=\"Aufhellende Tagescreme mit Niacinamid und UV-Filtern. Reduziert Flecken, sch\u00fctzt vor der Sonne und verleiht t\u00e4glich einen ebenm\u00e4\u00dfigeren, strahlenden und hydratisierten Teint.\" \/>\n<meta property=\"og:url\" content=\"https:\/\/pharma-ti.ch\/de\/product\/klaris-aufhellende-anti-pigmentflecken-tagescreme\/\" \/>\n<meta property=\"og:site_name\" content=\"Pharma Ti\" \/>\n<meta name=\"twitter:card\" content=\"summary_large_image\" \/>\n<meta name=\"twitter:label1\" content=\"Gesch\u00e4tzte Lesezeit\" \/>\n\t<meta name=\"twitter:data1\" content=\"1\u00a0Minute\" \/>\n<script type=\"application\/ld+json\" class=\"yoast-schema-graph\">{\"@context\":\"https:\\\/\\\/schema.org\",\"@graph\":[{\"@type\":\"WebPage\",\"@id\":\"https:\\\/\\\/pharma-ti.ch\\\/de\\\/product\\\/klaris-aufhellende-anti-pigmentflecken-tagescreme\\\/\",\"url\":\"https:\\\/\\\/pharma-ti.ch\\\/de\\\/product\\\/klaris-aufhellende-anti-pigmentflecken-tagescreme\\\/\",\"name\":\"Klaris Aufhellende Anti-Pigmentflecken Tagescreme - Pharma Ti\",\"isPartOf\":{\"@id\":\"https:\\\/\\\/pharma-ti.ch\\\/de\\\/#website\"},\"primaryImageOfPage\":{\"@id\":\"https:\\\/\\\/pharma-ti.ch\\\/de\\\/product\\\/klaris-aufhellende-anti-pigmentflecken-tagescreme\\\/#primaryimage\"},\"image\":{\"@id\":\"https:\\\/\\\/pharma-ti.ch\\\/de\\\/product\\\/klaris-aufhellende-anti-pigmentflecken-tagescreme\\\/#primaryimage\"},\"thumbnailUrl\":\"https:\\\/\\\/pharma-ti.ch\\\/wp-content\\\/uploads\\\/2026\\\/04\\\/Klaris.svg\",\"datePublished\":\"2026-04-08T10:58:04+00:00\",\"description\":\"Aufhellende Tagescreme mit Niacinamid und UV-Filtern. Reduziert Flecken, sch\u00fctzt vor der Sonne und verleiht t\u00e4glich einen ebenm\u00e4\u00dfigeren, strahlenden und hydratisierten Teint.\",\"breadcrumb\":{\"@id\":\"https:\\\/\\\/pharma-ti.ch\\\/de\\\/product\\\/klaris-aufhellende-anti-pigmentflecken-tagescreme\\\/#breadcrumb\"},\"inLanguage\":\"de\",\"potentialAction\":[{\"@type\":\"ReadAction\",\"target\":[\"https:\\\/\\\/pharma-ti.ch\\\/de\\\/product\\\/klaris-aufhellende-anti-pigmentflecken-tagescreme\\\/\"]}]},{\"@type\":\"ImageObject\",\"inLanguage\":\"de\",\"@id\":\"https:\\\/\\\/pharma-ti.ch\\\/de\\\/product\\\/klaris-aufhellende-anti-pigmentflecken-tagescreme\\\/#primaryimage\",\"url\":\"https:\\\/\\\/pharma-ti.ch\\\/wp-content\\\/uploads\\\/2026\\\/04\\\/Klaris.svg\",\"contentUrl\":\"https:\\\/\\\/pharma-ti.ch\\\/wp-content\\\/uploads\\\/2026\\\/04\\\/Klaris.svg\",\"width\":378,\"height\":378},{\"@type\":\"BreadcrumbList\",\"@id\":\"https:\\\/\\\/pharma-ti.ch\\\/de\\\/product\\\/klaris-aufhellende-anti-pigmentflecken-tagescreme\\\/#breadcrumb\",\"itemListElement\":[{\"@type\":\"ListItem\",\"position\":1,\"name\":\"Home\",\"item\":\"https:\\\/\\\/pharma-ti.ch\\\/de\\\/\"},{\"@type\":\"ListItem\",\"position\":2,\"name\":\"Shop\",\"item\":\"https:\\\/\\\/pharma-ti.ch\\\/shop\\\/\"},{\"@type\":\"ListItem\",\"position\":3,\"name\":\"Klaris Aufhellende Anti-Pigmentflecken Tagescreme\"}]},{\"@type\":\"WebSite\",\"@id\":\"https:\\\/\\\/pharma-ti.ch\\\/de\\\/#website\",\"url\":\"https:\\\/\\\/pharma-ti.ch\\\/de\\\/\",\"name\":\"Pharma Ti\",\"description\":\"\",\"publisher\":{\"@id\":\"https:\\\/\\\/pharma-ti.ch\\\/de\\\/#organization\"},\"potentialAction\":[{\"@type\":\"SearchAction\",\"target\":{\"@type\":\"EntryPoint\",\"urlTemplate\":\"https:\\\/\\\/pharma-ti.ch\\\/de\\\/?s={search_term_string}\"},\"query-input\":{\"@type\":\"PropertyValueSpecification\",\"valueRequired\":true,\"valueName\":\"search_term_string\"}}],\"inLanguage\":\"de\"},{\"@type\":\"Organization\",\"@id\":\"https:\\\/\\\/pharma-ti.ch\\\/de\\\/#organization\",\"name\":\"Pharma Ti\",\"url\":\"https:\\\/\\\/pharma-ti.ch\\\/de\\\/\",\"logo\":{\"@type\":\"ImageObject\",\"inLanguage\":\"de\",\"@id\":\"https:\\\/\\\/pharma-ti.ch\\\/de\\\/#\\\/schema\\\/logo\\\/image\\\/\",\"url\":\"https:\\\/\\\/pharma-ti.ch\\\/wp-content\\\/uploads\\\/2025\\\/10\\\/cropped-PHARMA-TI.png\",\"contentUrl\":\"https:\\\/\\\/pharma-ti.ch\\\/wp-content\\\/uploads\\\/2025\\\/10\\\/cropped-PHARMA-TI.png\",\"width\":279,\"height\":80,\"caption\":\"Pharma Ti\"},\"image\":{\"@id\":\"https:\\\/\\\/pharma-ti.ch\\\/de\\\/#\\\/schema\\\/logo\\\/image\\\/\"}}]}<\/script>\n<!-- \/ Yoast SEO plugin. -->","yoast_head_json":{"title":"Klaris Aufhellende Anti-Pigmentflecken Tagescreme - Pharma Ti","description":"Aufhellende Tagescreme mit Niacinamid und UV-Filtern. Reduziert Flecken, sch\u00fctzt vor der Sonne und verleiht t\u00e4glich einen ebenm\u00e4\u00dfigeren, strahlenden und hydratisierten Teint.","robots":{"index":"index","follow":"follow","max-snippet":"max-snippet:-1","max-image-preview":"max-image-preview:large","max-video-preview":"max-video-preview:-1"},"canonical":"https:\/\/pharma-ti.ch\/de\/product\/klaris-aufhellende-anti-pigmentflecken-tagescreme\/","og_locale":"de_DE","og_type":"article","og_title":"Klaris Aufhellende Anti-Pigmentflecken Tagescreme - Pharma Ti","og_description":"Aufhellende Tagescreme mit Niacinamid und UV-Filtern. Reduziert Flecken, sch\u00fctzt vor der Sonne und verleiht t\u00e4glich einen ebenm\u00e4\u00dfigeren, strahlenden und hydratisierten Teint.","og_url":"https:\/\/pharma-ti.ch\/de\/product\/klaris-aufhellende-anti-pigmentflecken-tagescreme\/","og_site_name":"Pharma Ti","twitter_card":"summary_large_image","twitter_misc":{"Gesch\u00e4tzte Lesezeit":"1\u00a0Minute"},"schema":{"@context":"https:\/\/schema.org","@graph":[{"@type":"WebPage","@id":"https:\/\/pharma-ti.ch\/de\/product\/klaris-aufhellende-anti-pigmentflecken-tagescreme\/","url":"https:\/\/pharma-ti.ch\/de\/product\/klaris-aufhellende-anti-pigmentflecken-tagescreme\/","name":"Klaris Aufhellende Anti-Pigmentflecken Tagescreme - Pharma Ti","isPartOf":{"@id":"https:\/\/pharma-ti.ch\/de\/#website"},"primaryImageOfPage":{"@id":"https:\/\/pharma-ti.ch\/de\/product\/klaris-aufhellende-anti-pigmentflecken-tagescreme\/#primaryimage"},"image":{"@id":"https:\/\/pharma-ti.ch\/de\/product\/klaris-aufhellende-anti-pigmentflecken-tagescreme\/#primaryimage"},"thumbnailUrl":"https:\/\/pharma-ti.ch\/wp-content\/uploads\/2026\/04\/Klaris.svg","datePublished":"2026-04-08T10:58:04+00:00","description":"Aufhellende Tagescreme mit Niacinamid und UV-Filtern. Reduziert Flecken, sch\u00fctzt vor der Sonne und verleiht t\u00e4glich einen ebenm\u00e4\u00dfigeren, strahlenden und hydratisierten Teint.","breadcrumb":{"@id":"https:\/\/pharma-ti.ch\/de\/product\/klaris-aufhellende-anti-pigmentflecken-tagescreme\/#breadcrumb"},"inLanguage":"de","potentialAction":[{"@type":"ReadAction","target":["https:\/\/pharma-ti.ch\/de\/product\/klaris-aufhellende-anti-pigmentflecken-tagescreme\/"]}]},{"@type":"ImageObject","inLanguage":"de","@id":"https:\/\/pharma-ti.ch\/de\/product\/klaris-aufhellende-anti-pigmentflecken-tagescreme\/#primaryimage","url":"https:\/\/pharma-ti.ch\/wp-content\/uploads\/2026\/04\/Klaris.svg","contentUrl":"https:\/\/pharma-ti.ch\/wp-content\/uploads\/2026\/04\/Klaris.svg","width":378,"height":378},{"@type":"BreadcrumbList","@id":"https:\/\/pharma-ti.ch\/de\/product\/klaris-aufhellende-anti-pigmentflecken-tagescreme\/#breadcrumb","itemListElement":[{"@type":"ListItem","position":1,"name":"Home","item":"https:\/\/pharma-ti.ch\/de\/"},{"@type":"ListItem","position":2,"name":"Shop","item":"https:\/\/pharma-ti.ch\/shop\/"},{"@type":"ListItem","position":3,"name":"Klaris Aufhellende Anti-Pigmentflecken Tagescreme"}]},{"@type":"WebSite","@id":"https:\/\/pharma-ti.ch\/de\/#website","url":"https:\/\/pharma-ti.ch\/de\/","name":"Pharma Ti","description":"","publisher":{"@id":"https:\/\/pharma-ti.ch\/de\/#organization"},"potentialAction":[{"@type":"SearchAction","target":{"@type":"EntryPoint","urlTemplate":"https:\/\/pharma-ti.ch\/de\/?s={search_term_string}"},"query-input":{"@type":"PropertyValueSpecification","valueRequired":true,"valueName":"search_term_string"}}],"inLanguage":"de"},{"@type":"Organization","@id":"https:\/\/pharma-ti.ch\/de\/#organization","name":"Pharma Ti","url":"https:\/\/pharma-ti.ch\/de\/","logo":{"@type":"ImageObject","inLanguage":"de","@id":"https:\/\/pharma-ti.ch\/de\/#\/schema\/logo\/image\/","url":"https:\/\/pharma-ti.ch\/wp-content\/uploads\/2025\/10\/cropped-PHARMA-TI.png","contentUrl":"https:\/\/pharma-ti.ch\/wp-content\/uploads\/2025\/10\/cropped-PHARMA-TI.png","width":279,"height":80,"caption":"Pharma Ti"},"image":{"@id":"https:\/\/pharma-ti.ch\/de\/#\/schema\/logo\/image\/"}}]}},"_links":{"self":[{"href":"https:\/\/pharma-ti.ch\/de\/wp-json\/wp\/v2\/product\/12379","targetHints":{"allow":["GET"]}}],"collection":[{"href":"https:\/\/pharma-ti.ch\/de\/wp-json\/wp\/v2\/product"}],"about":[{"href":"https:\/\/pharma-ti.ch\/de\/wp-json\/wp\/v2\/types\/product"}],"replies":[{"embeddable":true,"href":"https:\/\/pharma-ti.ch\/de\/wp-json\/wp\/v2\/comments?post=12379"}],"version-history":[{"count":0,"href":"https:\/\/pharma-ti.ch\/de\/wp-json\/wp\/v2\/product\/12379\/revisions"}],"wp:featuredmedia":[{"embeddable":true,"href":"https:\/\/pharma-ti.ch\/de\/wp-json\/wp\/v2\/media\/12380"}],"wp:attachment":[{"href":"https:\/\/pharma-ti.ch\/de\/wp-json\/wp\/v2\/media?parent=12379"}],"wp:term":[{"taxonomy":"product_brand","embeddable":true,"href":"https:\/\/pharma-ti.ch\/de\/wp-json\/wp\/v2\/product_brand?post=12379"},{"taxonomy":"product_cat","embeddable":true,"href":"https:\/\/pharma-ti.ch\/de\/wp-json\/wp\/v2\/product_cat?post=12379"},{"taxonomy":"product_tag","embeddable":true,"href":"https:\/\/pharma-ti.ch\/de\/wp-json\/wp\/v2\/product_tag?post=12379"}],"curies":[{"name":"wp","href":"https:\/\/api.w.org\/{rel}","templated":true}]}}

<p>Die aufhellende Anti-Pigmentflecken Tagescreme ist eine ideale tägliche Pflege, um die Haut zu schützen, zu hydratisieren und zu vereinheitlichen.</p>
<p>Dank ihrer an Wirkstoffen reichen Formel hilft sie, Pigmentflecken zu reduzieren und das Erscheinungsbild des Teints zu verbessern. Sie wirkt, indem sie die Zellerneuerung fördert und der Haut ein strahlenderes und ebenmäßigeres Aussehen verleiht. </p>
<p>Sie enthält UVA/UVB-Filter, um die Haut vor Sonneneinwirkung zu schützen und die natürliche Feuchtigkeit über den Tag hinweg zu bewahren.</p>
<p>Angereichert mit Niacinamid, Salicylsäure und Alpha-Arbutin, verbessert sie die Hauttextur ohne zu irritieren und hinterlässt sie weich, geschützt und strahlend.</p>
<p>Vorteile der aufhellenden Anti-Pigmentflecken Tagescreme:<br />
&#8211; Reduziert Flecken und Pigmentstörungen<br />
&#8211; Schützt vor UV-Strahlen<br />
&#8211; Hydratisiert und nährt die Haut<br />
&#8211; Vereinheitlicht den Teint<br />
&#8211; Verbessert die Leuchtkraft</p>
<p>Anwendung:<br />
Jeden Morgen auf die gereinigte und trockene Haut auftragen. Bis zum vollständigen Einziehen einmassieren. </p>

<p>Die aufhellende Anti-Pigmentflecken Tagescreme ist eine ideale tägliche Pflege, um die Haut zu schützen, zu hydratisieren und zu vereinheitlichen. Dank ihrer an Wirkstoffen reichen Formel hilft sie, Pigmentflecken zu reduzieren und das Erscheinungsbild des Teints zu verbessern. Sie wirkt, indem sie die Zellerneuerung fördert und der Haut ein strahlenderes und ebenmäßigeres Aussehen verleiht. Sie enthält [&hellip;]</p>

<!-- This site is optimized with the Yoast SEO plugin v27.3 - https://yoast.com/product/yoast-seo-wordpress/ -->
<title>Klaris Aufhellende Anti-Pigmentflecken Tagescreme - Pharma Ti</title>
<meta name="description" content="Aufhellende Tagescreme mit Niacinamid und UV-Filtern. Reduziert Flecken, schützt vor der Sonne und verleiht täglich einen ebenmäßigeren, strahlenden und hydratisierten Teint." />
<meta name="robots" content="index, follow, max-snippet:-1, max-image-preview:large, max-video-preview:-1" />
<link rel="canonical" href="https://pharma-ti.ch/de/product/klaris-aufhellende-anti-pigmentflecken-tagescreme/" />
<meta property="og:locale" content="de_DE" />
<meta property="og:type" content="article" />
<meta property="og:title" content="Klaris Aufhellende Anti-Pigmentflecken Tagescreme - Pharma Ti" />
<meta property="og:description" content="Aufhellende Tagescreme mit Niacinamid und UV-Filtern. Reduziert Flecken, schützt vor der Sonne und verleiht täglich einen ebenmäßigeren, strahlenden und hydratisierten Teint." />
<meta property="og:url" content="https://pharma-ti.ch/de/product/klaris-aufhellende-anti-pigmentflecken-tagescreme/" />
<meta property="og:site_name" content="Pharma Ti" />
<meta name="twitter:card" content="summary_large_image" />
<meta name="twitter:label1" content="Geschätzte Lesezeit" />
	<meta name="twitter:data1" content="1 Minute" />
<script type="application/ld+json" class="yoast-schema-graph">{"@context":"https:\/\/schema.org","@graph":[{"@type":"WebPage","@id":"https:\/\/pharma-ti.ch\/de\/product\/klaris-aufhellende-anti-pigmentflecken-tagescreme\/","url":"https:\/\/pharma-ti.ch\/de\/product\/klaris-aufhellende-anti-pigmentflecken-tagescreme\/","name":"Klaris Aufhellende Anti-Pigmentflecken Tagescreme - Pharma Ti","isPartOf":{"@id":"https:\/\/pharma-ti.ch\/de\/#website"},"primaryImageOfPage":{"@id":"https:\/\/pharma-ti.ch\/de\/product\/klaris-aufhellende-anti-pigmentflecken-tagescreme\/#primaryimage"},"image":{"@id":"https:\/\/pharma-ti.ch\/de\/product\/klaris-aufhellende-anti-pigmentflecken-tagescreme\/#primaryimage"},"thumbnailUrl":"https:\/\/pharma-ti.ch\/wp-content\/uploads\/2026\/04\/Klaris.svg","datePublished":"2026-04-08T10:58:04+00:00","description":"Aufhellende Tagescreme mit Niacinamid und UV-Filtern. Reduziert Flecken, schützt vor der Sonne und verleiht täglich einen ebenmäßigeren, strahlenden und hydratisierten Teint.","breadcrumb":{"@id":"https:\/\/pharma-ti.ch\/de\/product\/klaris-aufhellende-anti-pigmentflecken-tagescreme\/#breadcrumb"},"inLanguage":"de","potentialAction":[{"@type":"ReadAction","target":["https:\/\/pharma-ti.ch\/de\/product\/klaris-aufhellende-anti-pigmentflecken-tagescreme\/"]}]},{"@type":"ImageObject","inLanguage":"de","@id":"https:\/\/pharma-ti.ch\/de\/product\/klaris-aufhellende-anti-pigmentflecken-tagescreme\/#primaryimage","url":"https:\/\/pharma-ti.ch\/wp-content\/uploads\/2026\/04\/Klaris.svg","contentUrl":"https:\/\/pharma-ti.ch\/wp-content\/uploads\/2026\/04\/Klaris.svg","width":378,"height":378},{"@type":"BreadcrumbList","@id":"https:\/\/pharma-ti.ch\/de\/product\/klaris-aufhellende-anti-pigmentflecken-tagescreme\/#breadcrumb","itemListElement":[{"@type":"ListItem","position":1,"name":"Home","item":"https:\/\/pharma-ti.ch\/de\/"},{"@type":"ListItem","position":2,"name":"Shop","item":"https:\/\/pharma-ti.ch\/shop\/"},{"@type":"ListItem","position":3,"name":"Klaris Aufhellende Anti-Pigmentflecken Tagescreme"}]},{"@type":"WebSite","@id":"https:\/\/pharma-ti.ch\/de\/#website","url":"https:\/\/pharma-ti.ch\/de\/","name":"Pharma Ti","description":"","publisher":{"@id":"https:\/\/pharma-ti.ch\/de\/#organization"},"potentialAction":[{"@type":"SearchAction","target":{"@type":"EntryPoint","urlTemplate":"https:\/\/pharma-ti.ch\/de\/?s={search_term_string}"},"query-input":{"@type":"PropertyValueSpecification","valueRequired":true,"valueName":"search_term_string"}}],"inLanguage":"de"},{"@type":"Organization","@id":"https:\/\/pharma-ti.ch\/de\/#organization","name":"Pharma Ti","url":"https:\/\/pharma-ti.ch\/de\/","logo":{"@type":"ImageObject","inLanguage":"de","@id":"https:\/\/pharma-ti.ch\/de\/#\/schema\/logo\/image\/","url":"https:\/\/pharma-ti.ch\/wp-content\/uploads\/2025\/10\/cropped-PHARMA-TI.png","contentUrl":"https:\/\/pharma-ti.ch\/wp-content\/uploads\/2025\/10\/cropped-PHARMA-TI.png","width":279,"height":80,"caption":"Pharma Ti"},"image":{"@id":"https:\/\/pharma-ti.ch\/de\/#\/schema\/logo\/image\/"}}]}</script>
<!-- / Yoast SEO plugin. -->

Aufhellende Tagescreme mit Niacinamid und UV-Filtern. Reduziert Flecken, schützt vor der Sonne und verleiht täglich einen ebenmäßigeren, strahlenden und hydratisierten Teint.
