{"id":12991,"date":"2026-02-17T13:35:38","date_gmt":"2026-02-17T13:35:38","guid":{"rendered":"https:\/\/pharma-ti.ch\/product\/duschgel-verbena\/"},"modified":"2026-02-17T13:35:38","modified_gmt":"2026-02-17T13:35:38","slug":"duschgel-verbena","status":"publish","type":"product","link":"https:\/\/pharma-ti.ch\/de\/product\/duschgel-verbena\/","title":{"rendered":"Duschgel Verbena"},"content":{"rendered":"<p>Die duftende Umarmung dieses Duschgels umschmeichelt die Sinne und schenkt einen unbeschwerten Moment des Wohlbefindens, w\u00e4hrend sie die Haut sanft reinigt. Dank der in unserem Labor aus den tiefgr\u00fcnen Bl\u00e4ttern biologischer Verbena officinalis und odorosa gewonnenen Extrakte und destillierten W\u00e4sser verleiht die Formulierung einen Schub an Frische und Spannkraft. <\/p>\n<p>&#8211; Ohne Silikone, Parabene, sulfathaltige Tenside und Petrolate<br \/>\n&#8211; 96 % Inhaltsstoffe nat\u00fcrlichen Ursprungs<br \/>\nDer restliche Prozentsatz der Inhaltsstoffe garantiert die Stabilit\u00e4t und den Anwendungskomfort des Produkts.<\/p>\n","protected":false},"excerpt":{"rendered":"<p>Die duftende Umarmung dieses Duschgels umschmeichelt die Sinne und schenkt einen unbeschwerten Moment des Wohlbefindens, w\u00e4hrend sie die Haut sanft reinigt. Dank der in unserem Labor aus den tiefgr\u00fcnen Bl\u00e4ttern biologischer Verbena officinalis und odorosa gewonnenen Extrakte und destillierten W\u00e4sser verleiht die Formulierung einen Schub an Frische und Spannkraft. &#8211; Ohne Silikone, Parabene, sulfathaltige Tenside [&hellip;]<\/p>\n","protected":false},"featured_media":12992,"comment_status":"closed","ping_status":"closed","template":"","meta":{"_acf_changed":false},"product_brand":[],"product_cat":[364],"product_tag":[],"class_list":["post-12991","product","type-product","status-publish","has-post-thumbnail","product_cat-unkategorisiert","wcpa_has_options","first","instock","shipping-taxable","purchasable","product-type-simple"],"acf":[],"yoast_head":"<!-- This site is optimized with the Yoast SEO plugin v27.3 - https:\/\/yoast.com\/product\/yoast-seo-wordpress\/ -->\n<title>Duschgel Verbena - Pharma Ti<\/title>\n<meta name=\"robots\" content=\"index, follow, max-snippet:-1, max-image-preview:large, max-video-preview:-1\" \/>\n<link rel=\"canonical\" href=\"https:\/\/pharma-ti.ch\/de\/product\/duschgel-verbena\/\" \/>\n<meta property=\"og:locale\" content=\"de_DE\" \/>\n<meta property=\"og:type\" content=\"article\" \/>\n<meta property=\"og:title\" content=\"Duschgel Verbena - Pharma Ti\" \/>\n<meta property=\"og:description\" content=\"Die duftende Umarmung dieses Duschgels umschmeichelt die Sinne und schenkt einen unbeschwerten Moment des Wohlbefindens, w\u00e4hrend sie die Haut sanft reinigt. Dank der in unserem Labor aus den tiefgr\u00fcnen Bl\u00e4ttern biologischer Verbena officinalis und odorosa gewonnenen Extrakte und destillierten W\u00e4sser verleiht die Formulierung einen Schub an Frische und Spannkraft. &#8211; Ohne Silikone, Parabene, sulfathaltige Tenside [&hellip;]\" \/>\n<meta property=\"og:url\" content=\"https:\/\/pharma-ti.ch\/de\/product\/duschgel-verbena\/\" \/>\n<meta property=\"og:site_name\" content=\"Pharma Ti\" \/>\n<meta property=\"og:image\" content=\"https:\/\/pharma-ti.ch\/wp-content\/uploads\/2026\/02\/036.085.jpg.webp\" \/>\n\t<meta property=\"og:image:width\" content=\"1200\" \/>\n\t<meta property=\"og:image:height\" content=\"1200\" \/>\n\t<meta property=\"og:image:type\" content=\"image\/webp\" \/>\n<meta name=\"twitter:card\" content=\"summary_large_image\" \/>\n<script type=\"application\/ld+json\" class=\"yoast-schema-graph\">{\"@context\":\"https:\\\/\\\/schema.org\",\"@graph\":[{\"@type\":\"WebPage\",\"@id\":\"https:\\\/\\\/pharma-ti.ch\\\/de\\\/product\\\/duschgel-verbena\\\/\",\"url\":\"https:\\\/\\\/pharma-ti.ch\\\/de\\\/product\\\/duschgel-verbena\\\/\",\"name\":\"Duschgel Verbena - Pharma Ti\",\"isPartOf\":{\"@id\":\"https:\\\/\\\/pharma-ti.ch\\\/de\\\/#website\"},\"primaryImageOfPage\":{\"@id\":\"https:\\\/\\\/pharma-ti.ch\\\/de\\\/product\\\/duschgel-verbena\\\/#primaryimage\"},\"image\":{\"@id\":\"https:\\\/\\\/pharma-ti.ch\\\/de\\\/product\\\/duschgel-verbena\\\/#primaryimage\"},\"thumbnailUrl\":\"https:\\\/\\\/pharma-ti.ch\\\/wp-content\\\/uploads\\\/2026\\\/02\\\/036.085.jpg.webp\",\"datePublished\":\"2026-02-17T13:35:38+00:00\",\"breadcrumb\":{\"@id\":\"https:\\\/\\\/pharma-ti.ch\\\/de\\\/product\\\/duschgel-verbena\\\/#breadcrumb\"},\"inLanguage\":\"de\",\"potentialAction\":[{\"@type\":\"ReadAction\",\"target\":[\"https:\\\/\\\/pharma-ti.ch\\\/de\\\/product\\\/duschgel-verbena\\\/\"]}]},{\"@type\":\"ImageObject\",\"inLanguage\":\"de\",\"@id\":\"https:\\\/\\\/pharma-ti.ch\\\/de\\\/product\\\/duschgel-verbena\\\/#primaryimage\",\"url\":\"https:\\\/\\\/pharma-ti.ch\\\/wp-content\\\/uploads\\\/2026\\\/02\\\/036.085.jpg.webp\",\"contentUrl\":\"https:\\\/\\\/pharma-ti.ch\\\/wp-content\\\/uploads\\\/2026\\\/02\\\/036.085.jpg.webp\",\"width\":1200,\"height\":1200},{\"@type\":\"BreadcrumbList\",\"@id\":\"https:\\\/\\\/pharma-ti.ch\\\/de\\\/product\\\/duschgel-verbena\\\/#breadcrumb\",\"itemListElement\":[{\"@type\":\"ListItem\",\"position\":1,\"name\":\"Home\",\"item\":\"https:\\\/\\\/pharma-ti.ch\\\/de\\\/\"},{\"@type\":\"ListItem\",\"position\":2,\"name\":\"Shop\",\"item\":\"https:\\\/\\\/pharma-ti.ch\\\/shop\\\/\"},{\"@type\":\"ListItem\",\"position\":3,\"name\":\"Duschgel Verbena\"}]},{\"@type\":\"WebSite\",\"@id\":\"https:\\\/\\\/pharma-ti.ch\\\/de\\\/#website\",\"url\":\"https:\\\/\\\/pharma-ti.ch\\\/de\\\/\",\"name\":\"Pharma Ti\",\"description\":\"\",\"publisher\":{\"@id\":\"https:\\\/\\\/pharma-ti.ch\\\/de\\\/#organization\"},\"potentialAction\":[{\"@type\":\"SearchAction\",\"target\":{\"@type\":\"EntryPoint\",\"urlTemplate\":\"https:\\\/\\\/pharma-ti.ch\\\/de\\\/?s={search_term_string}\"},\"query-input\":{\"@type\":\"PropertyValueSpecification\",\"valueRequired\":true,\"valueName\":\"search_term_string\"}}],\"inLanguage\":\"de\"},{\"@type\":\"Organization\",\"@id\":\"https:\\\/\\\/pharma-ti.ch\\\/de\\\/#organization\",\"name\":\"Pharma Ti\",\"url\":\"https:\\\/\\\/pharma-ti.ch\\\/de\\\/\",\"logo\":{\"@type\":\"ImageObject\",\"inLanguage\":\"de\",\"@id\":\"https:\\\/\\\/pharma-ti.ch\\\/de\\\/#\\\/schema\\\/logo\\\/image\\\/\",\"url\":\"https:\\\/\\\/pharma-ti.ch\\\/wp-content\\\/uploads\\\/2025\\\/10\\\/cropped-PHARMA-TI.png\",\"contentUrl\":\"https:\\\/\\\/pharma-ti.ch\\\/wp-content\\\/uploads\\\/2025\\\/10\\\/cropped-PHARMA-TI.png\",\"width\":279,\"height\":80,\"caption\":\"Pharma Ti\"},\"image\":{\"@id\":\"https:\\\/\\\/pharma-ti.ch\\\/de\\\/#\\\/schema\\\/logo\\\/image\\\/\"}}]}<\/script>\n<!-- \/ Yoast SEO plugin. -->","yoast_head_json":{"title":"Duschgel Verbena - Pharma Ti","robots":{"index":"index","follow":"follow","max-snippet":"max-snippet:-1","max-image-preview":"max-image-preview:large","max-video-preview":"max-video-preview:-1"},"canonical":"https:\/\/pharma-ti.ch\/de\/product\/duschgel-verbena\/","og_locale":"de_DE","og_type":"article","og_title":"Duschgel Verbena - Pharma Ti","og_description":"Die duftende Umarmung dieses Duschgels umschmeichelt die Sinne und schenkt einen unbeschwerten Moment des Wohlbefindens, w\u00e4hrend sie die Haut sanft reinigt. Dank der in unserem Labor aus den tiefgr\u00fcnen Bl\u00e4ttern biologischer Verbena officinalis und odorosa gewonnenen Extrakte und destillierten W\u00e4sser verleiht die Formulierung einen Schub an Frische und Spannkraft. &#8211; Ohne Silikone, Parabene, sulfathaltige Tenside [&hellip;]","og_url":"https:\/\/pharma-ti.ch\/de\/product\/duschgel-verbena\/","og_site_name":"Pharma Ti","og_image":[{"width":1200,"height":1200,"url":"https:\/\/pharma-ti.ch\/wp-content\/uploads\/2026\/02\/036.085.jpg.webp","type":"image\/webp"}],"twitter_card":"summary_large_image","schema":{"@context":"https:\/\/schema.org","@graph":[{"@type":"WebPage","@id":"https:\/\/pharma-ti.ch\/de\/product\/duschgel-verbena\/","url":"https:\/\/pharma-ti.ch\/de\/product\/duschgel-verbena\/","name":"Duschgel Verbena - Pharma Ti","isPartOf":{"@id":"https:\/\/pharma-ti.ch\/de\/#website"},"primaryImageOfPage":{"@id":"https:\/\/pharma-ti.ch\/de\/product\/duschgel-verbena\/#primaryimage"},"image":{"@id":"https:\/\/pharma-ti.ch\/de\/product\/duschgel-verbena\/#primaryimage"},"thumbnailUrl":"https:\/\/pharma-ti.ch\/wp-content\/uploads\/2026\/02\/036.085.jpg.webp","datePublished":"2026-02-17T13:35:38+00:00","breadcrumb":{"@id":"https:\/\/pharma-ti.ch\/de\/product\/duschgel-verbena\/#breadcrumb"},"inLanguage":"de","potentialAction":[{"@type":"ReadAction","target":["https:\/\/pharma-ti.ch\/de\/product\/duschgel-verbena\/"]}]},{"@type":"ImageObject","inLanguage":"de","@id":"https:\/\/pharma-ti.ch\/de\/product\/duschgel-verbena\/#primaryimage","url":"https:\/\/pharma-ti.ch\/wp-content\/uploads\/2026\/02\/036.085.jpg.webp","contentUrl":"https:\/\/pharma-ti.ch\/wp-content\/uploads\/2026\/02\/036.085.jpg.webp","width":1200,"height":1200},{"@type":"BreadcrumbList","@id":"https:\/\/pharma-ti.ch\/de\/product\/duschgel-verbena\/#breadcrumb","itemListElement":[{"@type":"ListItem","position":1,"name":"Home","item":"https:\/\/pharma-ti.ch\/de\/"},{"@type":"ListItem","position":2,"name":"Shop","item":"https:\/\/pharma-ti.ch\/shop\/"},{"@type":"ListItem","position":3,"name":"Duschgel Verbena"}]},{"@type":"WebSite","@id":"https:\/\/pharma-ti.ch\/de\/#website","url":"https:\/\/pharma-ti.ch\/de\/","name":"Pharma Ti","description":"","publisher":{"@id":"https:\/\/pharma-ti.ch\/de\/#organization"},"potentialAction":[{"@type":"SearchAction","target":{"@type":"EntryPoint","urlTemplate":"https:\/\/pharma-ti.ch\/de\/?s={search_term_string}"},"query-input":{"@type":"PropertyValueSpecification","valueRequired":true,"valueName":"search_term_string"}}],"inLanguage":"de"},{"@type":"Organization","@id":"https:\/\/pharma-ti.ch\/de\/#organization","name":"Pharma Ti","url":"https:\/\/pharma-ti.ch\/de\/","logo":{"@type":"ImageObject","inLanguage":"de","@id":"https:\/\/pharma-ti.ch\/de\/#\/schema\/logo\/image\/","url":"https:\/\/pharma-ti.ch\/wp-content\/uploads\/2025\/10\/cropped-PHARMA-TI.png","contentUrl":"https:\/\/pharma-ti.ch\/wp-content\/uploads\/2025\/10\/cropped-PHARMA-TI.png","width":279,"height":80,"caption":"Pharma Ti"},"image":{"@id":"https:\/\/pharma-ti.ch\/de\/#\/schema\/logo\/image\/"}}]}},"_links":{"self":[{"href":"https:\/\/pharma-ti.ch\/de\/wp-json\/wp\/v2\/product\/12991","targetHints":{"allow":["GET"]}}],"collection":[{"href":"https:\/\/pharma-ti.ch\/de\/wp-json\/wp\/v2\/product"}],"about":[{"href":"https:\/\/pharma-ti.ch\/de\/wp-json\/wp\/v2\/types\/product"}],"replies":[{"embeddable":true,"href":"https:\/\/pharma-ti.ch\/de\/wp-json\/wp\/v2\/comments?post=12991"}],"version-history":[{"count":0,"href":"https:\/\/pharma-ti.ch\/de\/wp-json\/wp\/v2\/product\/12991\/revisions"}],"wp:featuredmedia":[{"embeddable":true,"href":"https:\/\/pharma-ti.ch\/de\/wp-json\/wp\/v2\/media\/12992"}],"wp:attachment":[{"href":"https:\/\/pharma-ti.ch\/de\/wp-json\/wp\/v2\/media?parent=12991"}],"wp:term":[{"taxonomy":"product_brand","embeddable":true,"href":"https:\/\/pharma-ti.ch\/de\/wp-json\/wp\/v2\/product_brand?post=12991"},{"taxonomy":"product_cat","embeddable":true,"href":"https:\/\/pharma-ti.ch\/de\/wp-json\/wp\/v2\/product_cat?post=12991"},{"taxonomy":"product_tag","embeddable":true,"href":"https:\/\/pharma-ti.ch\/de\/wp-json\/wp\/v2\/product_tag?post=12991"}],"curies":[{"name":"wp","href":"https:\/\/api.w.org\/{rel}","templated":true}]}}

<p>Die duftende Umarmung dieses Duschgels umschmeichelt die Sinne und schenkt einen unbeschwerten Moment des Wohlbefindens, während sie die Haut sanft reinigt. Dank der in unserem Labor aus den tiefgrünen Blättern biologischer Verbena officinalis und odorosa gewonnenen Extrakte und destillierten Wässer verleiht die Formulierung einen Schub an Frische und Spannkraft. </p>
<p>&#8211; Ohne Silikone, Parabene, sulfathaltige Tenside und Petrolate<br />
&#8211; 96 % Inhaltsstoffe natürlichen Ursprungs<br />
Der restliche Prozentsatz der Inhaltsstoffe garantiert die Stabilität und den Anwendungskomfort des Produkts.</p>

<p>Die duftende Umarmung dieses Duschgels umschmeichelt die Sinne und schenkt einen unbeschwerten Moment des Wohlbefindens, während sie die Haut sanft reinigt. Dank der in unserem Labor aus den tiefgrünen Blättern biologischer Verbena officinalis und odorosa gewonnenen Extrakte und destillierten Wässer verleiht die Formulierung einen Schub an Frische und Spannkraft. &#8211; Ohne Silikone, Parabene, sulfathaltige Tenside [&hellip;]</p>

<!-- This site is optimized with the Yoast SEO plugin v27.3 - https://yoast.com/product/yoast-seo-wordpress/ -->
<title>Duschgel Verbena - Pharma Ti</title>
<meta name="robots" content="index, follow, max-snippet:-1, max-image-preview:large, max-video-preview:-1" />
<link rel="canonical" href="https://pharma-ti.ch/de/product/duschgel-verbena/" />
<meta property="og:locale" content="de_DE" />
<meta property="og:type" content="article" />
<meta property="og:title" content="Duschgel Verbena - Pharma Ti" />
<meta property="og:description" content="Die duftende Umarmung dieses Duschgels umschmeichelt die Sinne und schenkt einen unbeschwerten Moment des Wohlbefindens, während sie die Haut sanft reinigt. Dank der in unserem Labor aus den tiefgrünen Blättern biologischer Verbena officinalis und odorosa gewonnenen Extrakte und destillierten Wässer verleiht die Formulierung einen Schub an Frische und Spannkraft. &#8211; Ohne Silikone, Parabene, sulfathaltige Tenside [&hellip;]" />
<meta property="og:url" content="https://pharma-ti.ch/de/product/duschgel-verbena/" />
<meta property="og:site_name" content="Pharma Ti" />
<meta property="og:image" content="https://pharma-ti.ch/wp-content/uploads/2026/02/036.085.jpg.webp" />
	<meta property="og:image:width" content="1200" />
	<meta property="og:image:height" content="1200" />
	<meta property="og:image:type" content="image/webp" />
<meta name="twitter:card" content="summary_large_image" />
<script type="application/ld+json" class="yoast-schema-graph">{"@context":"https:\/\/schema.org","@graph":[{"@type":"WebPage","@id":"https:\/\/pharma-ti.ch\/de\/product\/duschgel-verbena\/","url":"https:\/\/pharma-ti.ch\/de\/product\/duschgel-verbena\/","name":"Duschgel Verbena - Pharma Ti","isPartOf":{"@id":"https:\/\/pharma-ti.ch\/de\/#website"},"primaryImageOfPage":{"@id":"https:\/\/pharma-ti.ch\/de\/product\/duschgel-verbena\/#primaryimage"},"image":{"@id":"https:\/\/pharma-ti.ch\/de\/product\/duschgel-verbena\/#primaryimage"},"thumbnailUrl":"https:\/\/pharma-ti.ch\/wp-content\/uploads\/2026\/02\/036.085.jpg.webp","datePublished":"2026-02-17T13:35:38+00:00","breadcrumb":{"@id":"https:\/\/pharma-ti.ch\/de\/product\/duschgel-verbena\/#breadcrumb"},"inLanguage":"de","potentialAction":[{"@type":"ReadAction","target":["https:\/\/pharma-ti.ch\/de\/product\/duschgel-verbena\/"]}]},{"@type":"ImageObject","inLanguage":"de","@id":"https:\/\/pharma-ti.ch\/de\/product\/duschgel-verbena\/#primaryimage","url":"https:\/\/pharma-ti.ch\/wp-content\/uploads\/2026\/02\/036.085.jpg.webp","contentUrl":"https:\/\/pharma-ti.ch\/wp-content\/uploads\/2026\/02\/036.085.jpg.webp","width":1200,"height":1200},{"@type":"BreadcrumbList","@id":"https:\/\/pharma-ti.ch\/de\/product\/duschgel-verbena\/#breadcrumb","itemListElement":[{"@type":"ListItem","position":1,"name":"Home","item":"https:\/\/pharma-ti.ch\/de\/"},{"@type":"ListItem","position":2,"name":"Shop","item":"https:\/\/pharma-ti.ch\/shop\/"},{"@type":"ListItem","position":3,"name":"Duschgel Verbena"}]},{"@type":"WebSite","@id":"https:\/\/pharma-ti.ch\/de\/#website","url":"https:\/\/pharma-ti.ch\/de\/","name":"Pharma Ti","description":"","publisher":{"@id":"https:\/\/pharma-ti.ch\/de\/#organization"},"potentialAction":[{"@type":"SearchAction","target":{"@type":"EntryPoint","urlTemplate":"https:\/\/pharma-ti.ch\/de\/?s={search_term_string}"},"query-input":{"@type":"PropertyValueSpecification","valueRequired":true,"valueName":"search_term_string"}}],"inLanguage":"de"},{"@type":"Organization","@id":"https:\/\/pharma-ti.ch\/de\/#organization","name":"Pharma Ti","url":"https:\/\/pharma-ti.ch\/de\/","logo":{"@type":"ImageObject","inLanguage":"de","@id":"https:\/\/pharma-ti.ch\/de\/#\/schema\/logo\/image\/","url":"https:\/\/pharma-ti.ch\/wp-content\/uploads\/2025\/10\/cropped-PHARMA-TI.png","contentUrl":"https:\/\/pharma-ti.ch\/wp-content\/uploads\/2025\/10\/cropped-PHARMA-TI.png","width":279,"height":80,"caption":"Pharma Ti"},"image":{"@id":"https:\/\/pharma-ti.ch\/de\/#\/schema\/logo\/image\/"}}]}</script>
<!-- / Yoast SEO plugin. -->

Die duftende Umarmung dieses Duschgels umschmeichelt die Sinne und schenkt einen unbeschwerten Moment des Wohlbefindens, während sie die Haut sanft reinigt. Dank der in unserem Labor aus den tiefgrünen Blättern biologischer Verbena officinalis und odorosa gewonnenen Extrakte und destillierten Wässer verleiht die Formulierung einen Schub an Frische und Spannkraft. &#8211; Ohne Silikone, Parabene, sulfathaltige Tenside [&hellip;]
