{"id":13424,"date":"2026-02-16T16:25:12","date_gmt":"2026-02-16T16:25:12","guid":{"rendered":"https:\/\/pharma-ti.ch\/product\/parfuemiertes-elixier-fuer-haar-koerper-bella-di-notte\/"},"modified":"2026-02-16T16:25:12","modified_gmt":"2026-02-16T16:25:12","slug":"parfuemiertes-elixier-fuer-haar-koerper-bella-di-notte","status":"publish","type":"product","link":"https:\/\/pharma-ti.ch\/de\/product\/parfuemiertes-elixier-fuer-haar-koerper-bella-di-notte\/","title":{"rendered":"Parf\u00fcmiertes Elixier f\u00fcr Haar &#038; K\u00f6rper Bella di Notte"},"content":{"rendered":"<p>Leicht und schwerelos kann dieses parf\u00fcmierte Spray sowohl auf die K\u00f6rperhaut als auch auf die Haarl\u00e4ngen aufgespr\u00fcht werden, um sie in eine duftende Aura mit blumigen und vanilligen Noten zu h\u00fcllen. Es enth\u00e4lt Wunderblumen-Extrakt mit feuchtigkeitsspendenden und hautberuhigenden Eigenschaften sowie quaternisiertes Panthenol, um das Haar zu entwirren und ihm Volumen zu verleihen. <\/p>\n","protected":false},"excerpt":{"rendered":"<p>Leicht und schwerelos kann dieses parf\u00fcmierte Spray sowohl auf die K\u00f6rperhaut als auch auf die Haarl\u00e4ngen aufgespr\u00fcht werden, um sie in eine duftende Aura mit blumigen und vanilligen Noten zu h\u00fcllen. Es enth\u00e4lt Wunderblumen-Extrakt mit feuchtigkeitsspendenden und hautberuhigenden Eigenschaften sowie quaternisiertes Panthenol, um das Haar zu entwirren und ihm Volumen zu verleihen.<\/p>\n","protected":false},"featured_media":13426,"comment_status":"closed","ping_status":"closed","template":"","meta":{"_acf_changed":false},"product_brand":[],"product_cat":[371,369,403,406,415],"product_tag":[],"class_list":["post-13424","product","type-product","status-publish","has-post-thumbnail","product_cat-korperpflege","product_cat-schonheit-und-korperpflege","product_cat-haarpflege","product_cat-lerbolario-haare","product_cat-lerbolario-koerper","wcpa_has_options","first","instock","shipping-taxable","purchasable","product-type-simple"],"acf":[],"yoast_head":"<!-- This site is optimized with the Yoast SEO plugin v27.3 - https:\/\/yoast.com\/product\/yoast-seo-wordpress\/ -->\n<title>Parf\u00fcmiertes Elixier f\u00fcr Haar &amp; K\u00f6rper Bella di Notte - Pharma Ti<\/title>\n<meta name=\"robots\" content=\"index, follow, max-snippet:-1, max-image-preview:large, max-video-preview:-1\" \/>\n<link rel=\"canonical\" href=\"https:\/\/pharma-ti.ch\/de\/product\/parfuemiertes-elixier-fuer-haar-koerper-bella-di-notte\/\" \/>\n<meta property=\"og:locale\" content=\"de_DE\" \/>\n<meta property=\"og:type\" content=\"article\" \/>\n<meta property=\"og:title\" content=\"Parf\u00fcmiertes Elixier f\u00fcr Haar &amp; K\u00f6rper Bella di Notte - Pharma Ti\" \/>\n<meta property=\"og:description\" content=\"Leicht und schwerelos kann dieses parf\u00fcmierte Spray sowohl auf die K\u00f6rperhaut als auch auf die Haarl\u00e4ngen aufgespr\u00fcht werden, um sie in eine duftende Aura mit blumigen und vanilligen Noten zu h\u00fcllen. Es enth\u00e4lt Wunderblumen-Extrakt mit feuchtigkeitsspendenden und hautberuhigenden Eigenschaften sowie quaternisiertes Panthenol, um das Haar zu entwirren und ihm Volumen zu verleihen.\" \/>\n<meta property=\"og:url\" content=\"https:\/\/pharma-ti.ch\/de\/product\/parfuemiertes-elixier-fuer-haar-koerper-bella-di-notte\/\" \/>\n<meta property=\"og:site_name\" content=\"Pharma Ti\" \/>\n<meta property=\"og:image\" content=\"https:\/\/pharma-ti.ch\/wp-content\/uploads\/2026\/02\/066.130_BdN_Elisir_Profumato_I.jpg.webp\" \/>\n\t<meta property=\"og:image:width\" content=\"1000\" \/>\n\t<meta property=\"og:image:height\" content=\"1000\" \/>\n\t<meta property=\"og:image:type\" content=\"image\/webp\" \/>\n<meta name=\"twitter:card\" content=\"summary_large_image\" \/>\n<script type=\"application\/ld+json\" class=\"yoast-schema-graph\">{\"@context\":\"https:\\\/\\\/schema.org\",\"@graph\":[{\"@type\":\"WebPage\",\"@id\":\"https:\\\/\\\/pharma-ti.ch\\\/de\\\/product\\\/parfuemiertes-elixier-fuer-haar-koerper-bella-di-notte\\\/\",\"url\":\"https:\\\/\\\/pharma-ti.ch\\\/de\\\/product\\\/parfuemiertes-elixier-fuer-haar-koerper-bella-di-notte\\\/\",\"name\":\"Parf\u00fcmiertes Elixier f\u00fcr Haar & K\u00f6rper Bella di Notte - Pharma Ti\",\"isPartOf\":{\"@id\":\"https:\\\/\\\/pharma-ti.ch\\\/de\\\/#website\"},\"primaryImageOfPage\":{\"@id\":\"https:\\\/\\\/pharma-ti.ch\\\/de\\\/product\\\/parfuemiertes-elixier-fuer-haar-koerper-bella-di-notte\\\/#primaryimage\"},\"image\":{\"@id\":\"https:\\\/\\\/pharma-ti.ch\\\/de\\\/product\\\/parfuemiertes-elixier-fuer-haar-koerper-bella-di-notte\\\/#primaryimage\"},\"thumbnailUrl\":\"https:\\\/\\\/pharma-ti.ch\\\/wp-content\\\/uploads\\\/2026\\\/02\\\/066.130_BdN_Elisir_Profumato_I.jpg.webp\",\"datePublished\":\"2026-02-16T16:25:12+00:00\",\"breadcrumb\":{\"@id\":\"https:\\\/\\\/pharma-ti.ch\\\/de\\\/product\\\/parfuemiertes-elixier-fuer-haar-koerper-bella-di-notte\\\/#breadcrumb\"},\"inLanguage\":\"de\",\"potentialAction\":[{\"@type\":\"ReadAction\",\"target\":[\"https:\\\/\\\/pharma-ti.ch\\\/de\\\/product\\\/parfuemiertes-elixier-fuer-haar-koerper-bella-di-notte\\\/\"]}]},{\"@type\":\"ImageObject\",\"inLanguage\":\"de\",\"@id\":\"https:\\\/\\\/pharma-ti.ch\\\/de\\\/product\\\/parfuemiertes-elixier-fuer-haar-koerper-bella-di-notte\\\/#primaryimage\",\"url\":\"https:\\\/\\\/pharma-ti.ch\\\/wp-content\\\/uploads\\\/2026\\\/02\\\/066.130_BdN_Elisir_Profumato_I.jpg.webp\",\"contentUrl\":\"https:\\\/\\\/pharma-ti.ch\\\/wp-content\\\/uploads\\\/2026\\\/02\\\/066.130_BdN_Elisir_Profumato_I.jpg.webp\",\"width\":1000,\"height\":1000},{\"@type\":\"BreadcrumbList\",\"@id\":\"https:\\\/\\\/pharma-ti.ch\\\/de\\\/product\\\/parfuemiertes-elixier-fuer-haar-koerper-bella-di-notte\\\/#breadcrumb\",\"itemListElement\":[{\"@type\":\"ListItem\",\"position\":1,\"name\":\"Home\",\"item\":\"https:\\\/\\\/pharma-ti.ch\\\/de\\\/\"},{\"@type\":\"ListItem\",\"position\":2,\"name\":\"Shop\",\"item\":\"https:\\\/\\\/pharma-ti.ch\\\/shop\\\/\"},{\"@type\":\"ListItem\",\"position\":3,\"name\":\"Parf\u00fcmiertes Elixier f\u00fcr Haar &#038; K\u00f6rper Bella di Notte\"}]},{\"@type\":\"WebSite\",\"@id\":\"https:\\\/\\\/pharma-ti.ch\\\/de\\\/#website\",\"url\":\"https:\\\/\\\/pharma-ti.ch\\\/de\\\/\",\"name\":\"Pharma Ti\",\"description\":\"\",\"publisher\":{\"@id\":\"https:\\\/\\\/pharma-ti.ch\\\/de\\\/#organization\"},\"potentialAction\":[{\"@type\":\"SearchAction\",\"target\":{\"@type\":\"EntryPoint\",\"urlTemplate\":\"https:\\\/\\\/pharma-ti.ch\\\/de\\\/?s={search_term_string}\"},\"query-input\":{\"@type\":\"PropertyValueSpecification\",\"valueRequired\":true,\"valueName\":\"search_term_string\"}}],\"inLanguage\":\"de\"},{\"@type\":\"Organization\",\"@id\":\"https:\\\/\\\/pharma-ti.ch\\\/de\\\/#organization\",\"name\":\"Pharma Ti\",\"url\":\"https:\\\/\\\/pharma-ti.ch\\\/de\\\/\",\"logo\":{\"@type\":\"ImageObject\",\"inLanguage\":\"de\",\"@id\":\"https:\\\/\\\/pharma-ti.ch\\\/de\\\/#\\\/schema\\\/logo\\\/image\\\/\",\"url\":\"https:\\\/\\\/pharma-ti.ch\\\/wp-content\\\/uploads\\\/2025\\\/10\\\/cropped-PHARMA-TI.png\",\"contentUrl\":\"https:\\\/\\\/pharma-ti.ch\\\/wp-content\\\/uploads\\\/2025\\\/10\\\/cropped-PHARMA-TI.png\",\"width\":279,\"height\":80,\"caption\":\"Pharma Ti\"},\"image\":{\"@id\":\"https:\\\/\\\/pharma-ti.ch\\\/de\\\/#\\\/schema\\\/logo\\\/image\\\/\"}}]}<\/script>\n<!-- \/ Yoast SEO plugin. -->","yoast_head_json":{"title":"Parf\u00fcmiertes Elixier f\u00fcr Haar & K\u00f6rper Bella di Notte - Pharma Ti","robots":{"index":"index","follow":"follow","max-snippet":"max-snippet:-1","max-image-preview":"max-image-preview:large","max-video-preview":"max-video-preview:-1"},"canonical":"https:\/\/pharma-ti.ch\/de\/product\/parfuemiertes-elixier-fuer-haar-koerper-bella-di-notte\/","og_locale":"de_DE","og_type":"article","og_title":"Parf\u00fcmiertes Elixier f\u00fcr Haar & K\u00f6rper Bella di Notte - Pharma Ti","og_description":"Leicht und schwerelos kann dieses parf\u00fcmierte Spray sowohl auf die K\u00f6rperhaut als auch auf die Haarl\u00e4ngen aufgespr\u00fcht werden, um sie in eine duftende Aura mit blumigen und vanilligen Noten zu h\u00fcllen. Es enth\u00e4lt Wunderblumen-Extrakt mit feuchtigkeitsspendenden und hautberuhigenden Eigenschaften sowie quaternisiertes Panthenol, um das Haar zu entwirren und ihm Volumen zu verleihen.","og_url":"https:\/\/pharma-ti.ch\/de\/product\/parfuemiertes-elixier-fuer-haar-koerper-bella-di-notte\/","og_site_name":"Pharma Ti","og_image":[{"width":1000,"height":1000,"url":"https:\/\/pharma-ti.ch\/wp-content\/uploads\/2026\/02\/066.130_BdN_Elisir_Profumato_I.jpg.webp","type":"image\/webp"}],"twitter_card":"summary_large_image","schema":{"@context":"https:\/\/schema.org","@graph":[{"@type":"WebPage","@id":"https:\/\/pharma-ti.ch\/de\/product\/parfuemiertes-elixier-fuer-haar-koerper-bella-di-notte\/","url":"https:\/\/pharma-ti.ch\/de\/product\/parfuemiertes-elixier-fuer-haar-koerper-bella-di-notte\/","name":"Parf\u00fcmiertes Elixier f\u00fcr Haar & K\u00f6rper Bella di Notte - Pharma Ti","isPartOf":{"@id":"https:\/\/pharma-ti.ch\/de\/#website"},"primaryImageOfPage":{"@id":"https:\/\/pharma-ti.ch\/de\/product\/parfuemiertes-elixier-fuer-haar-koerper-bella-di-notte\/#primaryimage"},"image":{"@id":"https:\/\/pharma-ti.ch\/de\/product\/parfuemiertes-elixier-fuer-haar-koerper-bella-di-notte\/#primaryimage"},"thumbnailUrl":"https:\/\/pharma-ti.ch\/wp-content\/uploads\/2026\/02\/066.130_BdN_Elisir_Profumato_I.jpg.webp","datePublished":"2026-02-16T16:25:12+00:00","breadcrumb":{"@id":"https:\/\/pharma-ti.ch\/de\/product\/parfuemiertes-elixier-fuer-haar-koerper-bella-di-notte\/#breadcrumb"},"inLanguage":"de","potentialAction":[{"@type":"ReadAction","target":["https:\/\/pharma-ti.ch\/de\/product\/parfuemiertes-elixier-fuer-haar-koerper-bella-di-notte\/"]}]},{"@type":"ImageObject","inLanguage":"de","@id":"https:\/\/pharma-ti.ch\/de\/product\/parfuemiertes-elixier-fuer-haar-koerper-bella-di-notte\/#primaryimage","url":"https:\/\/pharma-ti.ch\/wp-content\/uploads\/2026\/02\/066.130_BdN_Elisir_Profumato_I.jpg.webp","contentUrl":"https:\/\/pharma-ti.ch\/wp-content\/uploads\/2026\/02\/066.130_BdN_Elisir_Profumato_I.jpg.webp","width":1000,"height":1000},{"@type":"BreadcrumbList","@id":"https:\/\/pharma-ti.ch\/de\/product\/parfuemiertes-elixier-fuer-haar-koerper-bella-di-notte\/#breadcrumb","itemListElement":[{"@type":"ListItem","position":1,"name":"Home","item":"https:\/\/pharma-ti.ch\/de\/"},{"@type":"ListItem","position":2,"name":"Shop","item":"https:\/\/pharma-ti.ch\/shop\/"},{"@type":"ListItem","position":3,"name":"Parf\u00fcmiertes Elixier f\u00fcr Haar &#038; K\u00f6rper Bella di Notte"}]},{"@type":"WebSite","@id":"https:\/\/pharma-ti.ch\/de\/#website","url":"https:\/\/pharma-ti.ch\/de\/","name":"Pharma Ti","description":"","publisher":{"@id":"https:\/\/pharma-ti.ch\/de\/#organization"},"potentialAction":[{"@type":"SearchAction","target":{"@type":"EntryPoint","urlTemplate":"https:\/\/pharma-ti.ch\/de\/?s={search_term_string}"},"query-input":{"@type":"PropertyValueSpecification","valueRequired":true,"valueName":"search_term_string"}}],"inLanguage":"de"},{"@type":"Organization","@id":"https:\/\/pharma-ti.ch\/de\/#organization","name":"Pharma Ti","url":"https:\/\/pharma-ti.ch\/de\/","logo":{"@type":"ImageObject","inLanguage":"de","@id":"https:\/\/pharma-ti.ch\/de\/#\/schema\/logo\/image\/","url":"https:\/\/pharma-ti.ch\/wp-content\/uploads\/2025\/10\/cropped-PHARMA-TI.png","contentUrl":"https:\/\/pharma-ti.ch\/wp-content\/uploads\/2025\/10\/cropped-PHARMA-TI.png","width":279,"height":80,"caption":"Pharma Ti"},"image":{"@id":"https:\/\/pharma-ti.ch\/de\/#\/schema\/logo\/image\/"}}]}},"_links":{"self":[{"href":"https:\/\/pharma-ti.ch\/de\/wp-json\/wp\/v2\/product\/13424","targetHints":{"allow":["GET"]}}],"collection":[{"href":"https:\/\/pharma-ti.ch\/de\/wp-json\/wp\/v2\/product"}],"about":[{"href":"https:\/\/pharma-ti.ch\/de\/wp-json\/wp\/v2\/types\/product"}],"replies":[{"embeddable":true,"href":"https:\/\/pharma-ti.ch\/de\/wp-json\/wp\/v2\/comments?post=13424"}],"version-history":[{"count":0,"href":"https:\/\/pharma-ti.ch\/de\/wp-json\/wp\/v2\/product\/13424\/revisions"}],"wp:featuredmedia":[{"embeddable":true,"href":"https:\/\/pharma-ti.ch\/de\/wp-json\/wp\/v2\/media\/13426"}],"wp:attachment":[{"href":"https:\/\/pharma-ti.ch\/de\/wp-json\/wp\/v2\/media?parent=13424"}],"wp:term":[{"taxonomy":"product_brand","embeddable":true,"href":"https:\/\/pharma-ti.ch\/de\/wp-json\/wp\/v2\/product_brand?post=13424"},{"taxonomy":"product_cat","embeddable":true,"href":"https:\/\/pharma-ti.ch\/de\/wp-json\/wp\/v2\/product_cat?post=13424"},{"taxonomy":"product_tag","embeddable":true,"href":"https:\/\/pharma-ti.ch\/de\/wp-json\/wp\/v2\/product_tag?post=13424"}],"curies":[{"name":"wp","href":"https:\/\/api.w.org\/{rel}","templated":true}]}}

Parfümiertes Elixier für Haar &#038; Körper Bella di Notte

<p>Leicht und schwerelos kann dieses parfümierte Spray sowohl auf die Körperhaut als auch auf die Haarlängen aufgesprüht werden, um sie in eine duftende Aura mit blumigen und vanilligen Noten zu hüllen. Es enthält Wunderblumen-Extrakt mit feuchtigkeitsspendenden und hautberuhigenden Eigenschaften sowie quaternisiertes Panthenol, um das Haar zu entwirren und ihm Volumen zu verleihen. </p>

<p>Leicht und schwerelos kann dieses parfümierte Spray sowohl auf die Körperhaut als auch auf die Haarlängen aufgesprüht werden, um sie in eine duftende Aura mit blumigen und vanilligen Noten zu hüllen. Es enthält Wunderblumen-Extrakt mit feuchtigkeitsspendenden und hautberuhigenden Eigenschaften sowie quaternisiertes Panthenol, um das Haar zu entwirren und ihm Volumen zu verleihen.</p>

<!-- This site is optimized with the Yoast SEO plugin v27.3 - https://yoast.com/product/yoast-seo-wordpress/ -->
<title>Parfümiertes Elixier für Haar &amp; Körper Bella di Notte - Pharma Ti</title>
<meta name="robots" content="index, follow, max-snippet:-1, max-image-preview:large, max-video-preview:-1" />
<link rel="canonical" href="https://pharma-ti.ch/de/product/parfuemiertes-elixier-fuer-haar-koerper-bella-di-notte/" />
<meta property="og:locale" content="de_DE" />
<meta property="og:type" content="article" />
<meta property="og:title" content="Parfümiertes Elixier für Haar &amp; Körper Bella di Notte - Pharma Ti" />
<meta property="og:description" content="Leicht und schwerelos kann dieses parfümierte Spray sowohl auf die Körperhaut als auch auf die Haarlängen aufgesprüht werden, um sie in eine duftende Aura mit blumigen und vanilligen Noten zu hüllen. Es enthält Wunderblumen-Extrakt mit feuchtigkeitsspendenden und hautberuhigenden Eigenschaften sowie quaternisiertes Panthenol, um das Haar zu entwirren und ihm Volumen zu verleihen." />
<meta property="og:url" content="https://pharma-ti.ch/de/product/parfuemiertes-elixier-fuer-haar-koerper-bella-di-notte/" />
<meta property="og:site_name" content="Pharma Ti" />
<meta property="og:image" content="https://pharma-ti.ch/wp-content/uploads/2026/02/066.130_BdN_Elisir_Profumato_I.jpg.webp" />
	<meta property="og:image:width" content="1000" />
	<meta property="og:image:height" content="1000" />
	<meta property="og:image:type" content="image/webp" />
<meta name="twitter:card" content="summary_large_image" />
<script type="application/ld+json" class="yoast-schema-graph">{"@context":"https:\/\/schema.org","@graph":[{"@type":"WebPage","@id":"https:\/\/pharma-ti.ch\/de\/product\/parfuemiertes-elixier-fuer-haar-koerper-bella-di-notte\/","url":"https:\/\/pharma-ti.ch\/de\/product\/parfuemiertes-elixier-fuer-haar-koerper-bella-di-notte\/","name":"Parfümiertes Elixier für Haar & Körper Bella di Notte - Pharma Ti","isPartOf":{"@id":"https:\/\/pharma-ti.ch\/de\/#website"},"primaryImageOfPage":{"@id":"https:\/\/pharma-ti.ch\/de\/product\/parfuemiertes-elixier-fuer-haar-koerper-bella-di-notte\/#primaryimage"},"image":{"@id":"https:\/\/pharma-ti.ch\/de\/product\/parfuemiertes-elixier-fuer-haar-koerper-bella-di-notte\/#primaryimage"},"thumbnailUrl":"https:\/\/pharma-ti.ch\/wp-content\/uploads\/2026\/02\/066.130_BdN_Elisir_Profumato_I.jpg.webp","datePublished":"2026-02-16T16:25:12+00:00","breadcrumb":{"@id":"https:\/\/pharma-ti.ch\/de\/product\/parfuemiertes-elixier-fuer-haar-koerper-bella-di-notte\/#breadcrumb"},"inLanguage":"de","potentialAction":[{"@type":"ReadAction","target":["https:\/\/pharma-ti.ch\/de\/product\/parfuemiertes-elixier-fuer-haar-koerper-bella-di-notte\/"]}]},{"@type":"ImageObject","inLanguage":"de","@id":"https:\/\/pharma-ti.ch\/de\/product\/parfuemiertes-elixier-fuer-haar-koerper-bella-di-notte\/#primaryimage","url":"https:\/\/pharma-ti.ch\/wp-content\/uploads\/2026\/02\/066.130_BdN_Elisir_Profumato_I.jpg.webp","contentUrl":"https:\/\/pharma-ti.ch\/wp-content\/uploads\/2026\/02\/066.130_BdN_Elisir_Profumato_I.jpg.webp","width":1000,"height":1000},{"@type":"BreadcrumbList","@id":"https:\/\/pharma-ti.ch\/de\/product\/parfuemiertes-elixier-fuer-haar-koerper-bella-di-notte\/#breadcrumb","itemListElement":[{"@type":"ListItem","position":1,"name":"Home","item":"https:\/\/pharma-ti.ch\/de\/"},{"@type":"ListItem","position":2,"name":"Shop","item":"https:\/\/pharma-ti.ch\/shop\/"},{"@type":"ListItem","position":3,"name":"Parfümiertes Elixier für Haar &#038; Körper Bella di Notte"}]},{"@type":"WebSite","@id":"https:\/\/pharma-ti.ch\/de\/#website","url":"https:\/\/pharma-ti.ch\/de\/","name":"Pharma Ti","description":"","publisher":{"@id":"https:\/\/pharma-ti.ch\/de\/#organization"},"potentialAction":[{"@type":"SearchAction","target":{"@type":"EntryPoint","urlTemplate":"https:\/\/pharma-ti.ch\/de\/?s={search_term_string}"},"query-input":{"@type":"PropertyValueSpecification","valueRequired":true,"valueName":"search_term_string"}}],"inLanguage":"de"},{"@type":"Organization","@id":"https:\/\/pharma-ti.ch\/de\/#organization","name":"Pharma Ti","url":"https:\/\/pharma-ti.ch\/de\/","logo":{"@type":"ImageObject","inLanguage":"de","@id":"https:\/\/pharma-ti.ch\/de\/#\/schema\/logo\/image\/","url":"https:\/\/pharma-ti.ch\/wp-content\/uploads\/2025\/10\/cropped-PHARMA-TI.png","contentUrl":"https:\/\/pharma-ti.ch\/wp-content\/uploads\/2025\/10\/cropped-PHARMA-TI.png","width":279,"height":80,"caption":"Pharma Ti"},"image":{"@id":"https:\/\/pharma-ti.ch\/de\/#\/schema\/logo\/image\/"}}]}</script>
<!-- / Yoast SEO plugin. -->

Parfümiertes Elixier für Haar & Körper Bella di Notte - Pharma Ti

Leicht und schwerelos kann dieses parfümierte Spray sowohl auf die Körperhaut als auch auf die Haarlängen aufgesprüht werden, um sie in eine duftende Aura mit blumigen und vanilligen Noten zu hüllen. Es enthält Wunderblumen-Extrakt mit feuchtigkeitsspendenden und hautberuhigenden Eigenschaften sowie quaternisiertes Panthenol, um das Haar zu entwirren und ihm Volumen zu verleihen.
